-6*i + i = -v + 21. What are the prime factors of v?
2
Let x = 962 - 734. What are the prime factors of x?
2, 3, 19
Let l be 10/4*(-12)/(-15). Suppose r - 4 = -l*b, -r + 3*r = 0. Suppose b*z = 4*z - 22. What are the prime factors of z?
11
Let r = -74 + 473. What are the prime factors of r?
3, 7, 19
Let a be (2/3)/(4/(-114)). Suppose 0*c - 6*c = -258. Let v = c + a. List the prime factors of v.
2, 3
Let f(z) = -35*z + 5. Let o be f(-4). Suppose o = 6*q - 11*q. Let w = q + 67. What are the prime factors of w?
2, 19
Let s = 0 + 0. Suppose -5*h - 3*w + 23 = -2, -4*h - 3*w = -23. Suppose s*j - h = -j. List the prime factors of j.
2
Let x(w) = -27*w. Let s be x(-8). Suppose s = 18*i - 15*i. What are the prime factors of i?
2, 3
What are the prime factors of (48/(-12) - 16*-46) + 1?
733
Suppose 0 = -99*f + 92*f + 3514. What are the prime factors of f?
2, 251
Let p(g) be the second derivative of g**4/12 - g**3/2 - 8*g. Let n be p(4). Suppose -k - q = -39, -5*q = -2*k - n*q + 81. List the prime factors of k.
2, 5
Let l = -478 + 1031. List the prime factors of l.
7, 79
Let p = -47 + 49. List the prime factors of -6 + 0 + p - -38.
2, 17
Suppose 5*c = -2*f + 2854, -25*f + 30*f + 2*c - 7177 = 0. List the prime factors of f.
3, 479
Let r(j) = -j - 1. Let b be r(-3). Suppose -c + 37 = b*y, 174 = 6*c - c - y. Suppose 0 = -3*v + 55 + c. List the prime factors of v.
2, 3, 5
Let g(k) = -5*k - 6. Let u be g(-6). What are the prime factors of 16/u - (-127)/3?
43
Suppose -j + 1848 = 4*h, -6*j + 4*h + 7332 = -2*j. List the prime factors of j.
2, 3, 17
Suppose 4*i + 0*i = 8. Suppose 2*p + 56 = 5*t + 3*p, 57 = 5*t + i*p. List the prime factors of t.
11
Suppose 5*u - 13*n + 9*n = 2429, 0 = 3*u + 3*n - 1452. List the prime factors of u.
5, 97
Let f(t) = t**3 - 9*t**2 - 11*t + 15. Let s be f(10). Suppose -12 = 2*y + l - 113, -s*l - 45 = -y. Suppose 2*h = -3*h + y. What are the prime factors of h?
2, 5
List the prime factors of -6 + (-3)/(6/(-4799 + -1)).
2, 3, 7, 19
Let a(v) = -v**3 + 11*v**2 + 11*v + 15. Let m be a(12). Suppose 0 = -m*g + 26 - 104. Let f = -10 - g. List the prime factors of f.
2
What are the prime factors of (-14 + 45)/(1/137)?
31, 137
Suppose -37*l + 38618 + 58729 = 0. List the prime factors of l.
3, 877
Let k(g) = g**3 - 10*g + 25. What are the prime factors of k(6)?
181
Let b(x) = 10*x**2 + 8*x - 11. What are the prime factors of b(-6)?
7, 43
Let g = 14 - 22. Let y(l) = -l**3 - 9*l**2 - 9*l - 1. What are the prime factors of y(g)?
7
Suppose 2*r + 253 = 45. List the prime factors of (-2)/11 - r*9/66.
2, 7
Let q be (-1)/(12/(-28) - (-52)/56). Let j(t) = 62*t**2 - 3*t + 1. List the prime factors of j(q).
3, 5, 17
List the prime factors of 843 + (-8)/8*7.
2, 11, 19
Suppose 10 + 6 = -2*c. Let p be c/20 - (-118)/(-5). What are the prime factors of p/(-60) + 213/5?
43
Let q = 301 - -1382. What are the prime factors of q?
3, 11, 17
Let c = -23 - -2334. What are the prime factors of c?
2311
Let y(h) = -h**3 + h**2 - 4*h + 1061. Let v be y(0). Suppose 288 + 776 = 5*m + t, -5*m - 4*t + v = 0. What are the prime factors of m?
3, 71
Let n = 20 + -29. Let q be n/(-3) + 181 + -2. Suppose 0 = 3*a - 2*l - 166, -3*a - l - l = -q. What are the prime factors of a?
2, 29
Let h(r) = 4*r**2 + 15*r + 4. Let p(f) = f**2 + 5*f. Let w be p(-3). What are the prime factors of h(w)?
2, 29
What are the prime factors of 568*-5*6/(-60)?
2, 71
Let r = -477 + 1288. List the prime factors of r.
811
Suppose 5*a = 2*t - 15, 2*t - t + 3*a = -9. Let x(k) = -k**3 + k**2 + 22. List the prime factors of x(t).
2, 11
Suppose 0*i + q - 111 = -3*i, -2*q = 5*i - 186. Suppose 4*h + 4 = -i. List the prime factors of 40/h*7/(-4).
7
Let d be (2/(-6))/((-2)/48). Suppose 0 = d*j - 4*j - 108. Suppose 6 - j = -3*z. List the prime factors of z.
7
Let s = -290 + 626. Suppose 219 = 5*f - s. List the prime factors of f.
3, 37
Suppose 3*i - 443 = -83. What are the prime factors of i/(5/((-50)/(-15)))?
2, 5
Suppose 4 = -6*n + 34. List the prime factors of (-9 + (10 - n))*(1 - 2).
2
Suppose 13 = 6*w - 5. List the prime factors of 0 + w + 170 - -1.
2, 3, 29
Let a = 1 + 1. What are the prime factors of (-5)/10 + 57/a?
2, 7
Let n(b) = 470*b - 32. List the prime factors of n(7).
2, 3, 181
Let j(c) = -c**3 + c. Let n be j(0). Let l = n + -4. List the prime factors of (-2 - 1)/(3 + l).
3
Suppose -4 + 0 = -4*u. Let w = u - 10. Let d = 22 - w. What are the prime factors of d?
31
Suppose -12*o + 0*o = -26436. What are the prime factors of o?
2203
List the prime factors of 720 - ((-112)/(-7))/(-4).
2, 181
Let d = 13759 + -8204. List the prime factors of d.
5, 11, 101
Suppose 4*c - p - 3 = -4*p, 0 = 2*c + 4*p - 4. Suppose c = -5*k + 15 + 75. Let z = -7 + k. List the prime factors of z.
11
Let f(w) = -w**2 - 10*w - 6. Let n be f(-9). Suppose -16 = 4*i, -3*p - 2*p - n*i = -1393. What are the prime factors of p?
281
Suppose -5*b - 352 = -v, 1345 = 4*v + 4*b - 3*b. Let a = v + -134. What are the prime factors of a?
7, 29
Suppose -2*k + 3*r = 687 - 5921, 3*r = -3*k + 7821. What are the prime factors of k?
7, 373
Let y(x) = 1 - 5 - 62*x + 17*x. What are the prime factors of y(-2)?
2, 43
Suppose 20 = 5*w, -142*a + 140*a - 5*w + 4092 = 0. What are the prime factors of a?
2, 509
Suppose 3*y - 825 = 5*s, -4*y - 93 = s + 49. Let x be 16/(-6)*s/(-24). What are the prime factors of 112/18 + 4/x?
2, 3
What are the prime factors of (-81)/(-54) - 1234/(-4)?
2, 5, 31
Let z be (-7)/(7/10) - -3. Let p be (z/(-7))/((-1)/(-3)). Suppose u = -4*o + 18 + 20, o = -p*u + 70. List the prime factors of u.
2, 11
What are the prime factors of 4/(-120)*4 + 74172/90?
2, 103
Let y(m) = -2*m + 23. Let s be y(11). What are the prime factors of s*50*((-5)/(-2) + 0)?
5
Let j be ((-7)/21)/((-2)/78). Let p = -2 + j. What are the prime factors of p - (-3 + 4 - 1)?
11
Let x(c) = c**2. Let m = 14 + -9. What are the prime factors of x(m)?
5
Let m(t) = 2*t**2 - 11*t - 110. What are the prime factors of m(-23)?
1201
Let d(s) = 3*s**2 - 3*s. Let t be d(3). Suppose 4*g - t = 2. Suppose r - 2*r + g = 0. What are the prime factors of r?
5
Suppose m - 23 = -3*m + a, -4*a = -3*m + 27. Suppose -68 = -5*s + b + 53, 5 = s - m*b. Let c = -3 + s. List the prime factors of c.
2, 11
Suppose 5*w = -3*a + 8889, 5536 = 4*a + w - 6333. List the prime factors of a.
2, 7, 53
Suppose -2*x - 1630 = -3*n, 3*n = 5*x + 1146 + 499. What are the prime factors of (2/(-6))/((-12)/n)?
3, 5
Suppose 5*q + 40 - 205 = -5*v, 0 = -2*v + 2*q + 66. Suppose -o = -6 - v. List the prime factors of o.
3, 13
Let l = 2499 + -899. List the prime factors of l.
2, 5
Let a = 844 - 453. What are the prime factors of a?
17, 23
Let g be (1/2)/((-25)/(-500)). Suppose -g*y - 2*o = -5*y - 587, -3*y = -o - 361. What are the prime factors of y?
7, 17
Let w(m) be the first derivative of 12*m**2 + 8*m - 44. What are the prime factors of w(10)?
2, 31
Suppose 21 = 5*j + 2*t, 2*t + 1 = -j - t. List the prime factors of ((-2)/j)/(18/(-45))*99.
3, 11
Let u(g) = g**2 + 6*g - 5. Let s be u(-6). Let c be s*(1 - 1/5). List the prime factors of (-4 + 2)*2*c.
2
Suppose -12 = 2*y - 6*y. Suppose p + 0*x = x, -4*p - y*x = -14. What are the prime factors of p?
2
Suppose 868 = -0*m + 7*m. List the prime factors of m.
2, 31
Let h(o) = 2*o. Let p be h(6). Let i be 3*(-4)/p + 5. Suppose -13 + 141 = i*v. List the prime factors of v.
2
Suppose 84 = 6*v - 720. Suppose t = -k + 29 + v, 0 = 2*k + 8. What are the prime factors of t?
167
Let a = -79 + 159. Suppose c - 3*c + a = 2*w, 3*c - 76 = -2*w. What are the prime factors of 1/3 - w/(-12)?
2
Let t(p) = 1 - 3 + 3 - 2*p - 14. Let l = -17 + 7. List the prime factors of t(l).
7
Suppose 5*l = -r + 118, -5*l + 5*r = -2*l - 82. Suppose 3*z + l = z. What are the prime factors of (-339)/(-11) - z/66?
31
Let y = -19 + 28. Let p(m) = m**3 - 8*m**2 - 11. Let i be p(y). Let v = i - 50. What are the prime factors of v?
2, 5
Let w = -21 - -26. Suppose 7*j = w*j + 146. List the prime factors of j.
73
Let l(h) = h**2 - 16*h - 13. Let p(a) = -a**2 + 15*a + 12. Let o(y) = 2*l(y) + 3*p(y). List the prime factors of o(9).
2, 23
Suppose w + 3 = -2. Let h be (-5 - (2 + w))*-1. Suppose h*k - 24 = -k. What are the prime factors of k?
2
Let a be ((-5)/(-2))/((-2)/(-24)). Suppose -5*t = 4*f - 203, 5*f + 2*t - 132 = 